hat is the thousands digit of 10200?
0
What is the ten thousands digit of 46438?
4
What is the tens digit of 121115?
1
What is the tens digit of 681?
8
What is the units digit of 19508?
8
What is the units digit of 3636?
6
What is the tens digit of 2847?
4
What is the thousands digit of 35674?
5
What is the tens digit of 3767?
6
What is the units digit of 2588?
8
What is the hundreds digit of 2522?
5
What is the thousands digit of 5221?
5
What is the thousands digit of 3477?
3
What is the thousands digit of 15267?
5
What is the hundreds digit of 489?
4
What is the hundreds digit of 4337?
3
What is the hundreds digit of 1874?
8
What is the hundreds digit of 73916?
9
What is the units digit of 63629?
9
What is the hundreds digit of 7579?
5
What is the thousands digit of 1328?
1
What is the units digit of 954?
4
What is the hundreds digit of 10362?
3
What is the units digit of 2793?
3
What is the units digit of 19151?
1
What is the hundreds digit of 63970?
9
What is the thousands digit of 11093?
1
What is the hundreds digit of 28558?
5
What is the units digit of 7568?
8
What is the tens digit of 11471?
7
What is the thousands digit of 1261?
1
What is the hundreds digit of 3294?
2
What is the tens digit of 291?
9
What is the units digit of 247?
7
What is the hundreds digit of 2271?
2
What is the hundreds digit of 25115?
1
What is the tens digit of 92548?
4
What is the hundreds digit of 176765?
7
What is the ten thousands digit of 23138?
2
What is the units digit of 388?
8
What is the tens digit of 2693?
9
What is the thousands digit of 94067?
4
What is the units digit of 145573?
3
What is the thousands digit of 18809?
8
What is the hundreds digit of 15948?
9
What is the hundreds digit of 132975?
9
What is the hundreds digit of 6227?
2
What is the tens digit of 3221?
2
What is the thousands digit of 1019?
1
What is the units digit of 1697?
7
What is the tens digit of 275?
7
What is the tens digit of 273?
7
What is the hundreds digit of 3086?
0
What is the ten thousands digit of 11856?
1
What is the tens digit of 6327?
2
What is the units digit of 307?
7
What is the ten thousands digit of 59741?
5
What is the tens digit of 1555?
5
What is the hundreds digit of 1019?
0
What is the units digit of 32312?
2
What is the tens digit of 1848?
4
What is the hundreds digit of 50813?
8
What is the ten thousands digit of 70109?
7
What is the ten thousands digit of 100421?
0
What is the tens digit of 1062?
6
What is the thousands digit of 1021?
1
What is the units digit of 3598?
8
What is the thousands digit of 5251?
5
What is the hundreds digit of 7622?
6
What is the tens digit of 4420?
2
What is the hundreds digit of 773?
7
What is the tens digit of 1255?
5
What is the tens digit of 924?
2
What is the units digit of 1694?
4
What is the hundred thousands digit of 116099?
1
What is the tens digit of 7316?
1
What is the units digit of 27101?
1
What is the hundreds digit of 2799?
7
What is the tens digit of 38751?
5
What is the hundreds digit of 170438?
4
What is the units digit of 30650?
0
What is the hundreds digit of 829?
8
What is the hundreds digit of 36762?
7
What is the thousands digit of 2656?
2
What is the units digit of 3665?
5
What is the hundreds digit of 71381?
3
What is the units digit of 473?
3
What is the hundreds digit of 15164?
1
What is the tens digit of 23500?
0
What is the tens digit of 6295?
9
What is the thousands digit of 8696?
8
What is the tens digit of 35966?
6
What is the units digit of 85721?
1
What is the units digit of 992?
2
What is the thousands digit of 5813?
5
What is the thousands digit of 6840?
6
What is the tens digit of 582?
8
What is the hundred thousands digit of 116879?
1
What is the hundred thousands digit of 184106?
1
What is the hundreds digit of 4555?
5
What is the tens digit of 976?
7
What is the tens digit of 13125?
2
What is the ten thousands digit of 38272?
3
What is the units digit of 29927?
7
What is the units digit of 4929?
9
What is the thousands digit of 25136?
5
What is the tens digit of 78?
7
What is the tens digit of 2348?
4
What is the thousands digit of 2240?
2
What is the tens digit of 3213?
1
What is the units digit of 5746?
6
What is the thousands digit of 22739?
2
What is the hundred thousands digit of 107077?
1
What is the tens digit of 1522?
2
What is the units digit of 2011?
1
What is the thousands digit of 24694?
4
What is the hundred thousands digit of 121614?
1
What is the thousands digit of 1298?
1
What is the thousands digit of 26429?
6
What is the tens digit of 65131?
3
What is the units digit of 1087?
7
What is the hundreds digit of 37834?
8
What is the tens digit of 18295?
9
What is the hundreds digit of 8958?
9
What is the units digit of 5104?
4
What is the units digit of 796?
6
What is the tens digit of 785?
8
What is the thousands digit of 41288?
1
What is the ten thousands digit of 23701?
2
What is the thousands digit of 5632?
5
What is the ten thousands digit of 16562?
1
What is the thousands digit of 1039?
1
What is the hundreds digit of 7747?
7
What is the units digit of 8668?
8
What is the hundreds digit of 4042?
0
What is the units digit of 687?
7
What is the tens digit of 1498?
9
What is the tens digit of 4019?
1
What is the units digit of 139?
9
What is the thousands digit of 109939?
9
What is the tens digit of 1020?
2
What is the units digit of 3886?
6
What is the thousands digit of 6242?
6
What is the hundreds digit of 26497?
4
What is the thousands digit of 3940?
3
What is the units digit of 6599?
9
What is the thousands digit of 2677?
2
What is the hundreds digit of 5298?
2
What is the hundreds digit of 824?
8
What is the thousands digit of 10827?
0
What is the units digit of 22708?
8
What is the tens digit of 9949?
4
What is the thousands digit of 64845?
4
What is the thousands digit of 10822?
0
What is the hundreds digit of 888?
8
What is the tens digit of 983?
8
What is the ten thousands digit of 49635?
4
What is the thousands digit of 9426?
9
What is the hundreds digit of 233?
2
What is the hundreds digit of 4082?
0
What is the tens digit of 1324?
2
What is the hundreds digit of 285?
2
What is the tens digit of 86?
8
What is the thousands digit of 5818?
5
What is the tens digit of 1387?
8
What is the tens digit of 327?
2
What is the units digit of 1332?
2
What is the units digit of 2699?
9
What is the ten thousands digit of 53654?
5
What is the hundreds digit of 5346?
3
What is the thousands digit of 7140?
7
What is the tens digit of 3990?
9
What is the hundreds digit of 3242?
2
What is the units digit of 138893?
3
What is the units digit of 14657?
7
What is the units digit of 632?
2
What is the hundreds digit of 2113?
1
What is the units digit of 62?
2
What is the thousands digit of 19759?
9
What is the units digit of 1263?
3
What is the units digit of 4802?
2
What is the tens digit of 2736?
3
What is the units digit of 210?
0
What is the units digit of 3117?
7
What is the ten thousands digit of 15599?
1
What is the tens digit of 806?
0
What is the tens digit of 2927?
2
What is the hundreds digit of 2029?
0
What is the thousands digit of 120599?
0
What is the tens digit of 78?
7
What is the hundreds digit of 3112?
1
What is the hundreds digit of 11652?
6
What is the hundreds digit of 16824?
8
What is the thousands digit of 11698?
1
What is the hundreds digit of 16304?
3
What is the ten thousands digit of 15623?
1
What is the hundreds digit of 772?
7
What is the tens digit of 57965?
6
What is the tens digit of 3573?
7
What is the tens digit of 948?
4
What is the tens digit of 1974?
7
What is the thousands digit of 2732?
2
What is the units digit of 390?
0
What is the thousands digit of 29898?
9
What is the hundreds digit of 46661?
6
What is the tens digit of 235?
3
What is the thousands digit of 4713?
4
What is the ten thousands digit of 70750?
7
What is the units digit of 83?
3
What is the units digit of 9896?
6
What is the hundreds digit of 5169?
1
What is the units digit of 16636?
6
What is the units digit of 14745?
5
What is the tens digit of 122355?
5
What is the hundreds digit of 7123?
1
What is the tens digit of 723?
2
What is the thousands digit of 43079?
3
What is the tens digit of 1280?
8
What is the thousands digit of 7720?
7
What is the units digit of 116